{"id":93,"date":"2025-06-07T17:40:15","date_gmt":"2025-06-07T15:40:15","guid":{"rendered":"http:\/\/wordpresslocal\/wordpress\/?page_id=93"},"modified":"2025-11-20T13:53:25","modified_gmt":"2025-11-20T12:53:25","slug":"lassociation","status":"publish","type":"page","link":"https:\/\/gv-antibes.fr\/index.php\/lassociation\/","title":{"rendered":"L&rsquo;association"},"content":{"rendered":"\t\t<div data-elementor-type=\"wp-page\" data-elementor-id=\"93\" class=\"elementor elementor-93\">\n\t\t\t\t<div class=\"elementor-element elementor-element-c759202 e-flex e-con-boxed e-con e-parent\" data-id=\"c759202\" data-element_type=\"container\" data-e-type=\"container\">\n\t\t\t\t\t<div class=\"e-con-inner\">\n\t\t\t\t<div class=\"elementor-element elementor-element-cbcf21d elementor-widget elementor-widget-text-editor\" data-id=\"cbcf21d\" data-element_type=\"widget\" data-e-type=\"widget\" data-widget_type=\"text-editor.default\">\n\t\t\t\t<div class=\"elementor-widget-container\">\n\t\t\t\t\t\t\t\t\t<p><strong>La Gymnastique Volontaire est une pratique non comp\u00e9titive dont l\u2019objectif est de d\u00e9velopper la condition physique de chaque adh\u00e9rent, en lui permettant une meilleure gestion de son potentiel physique dans une ambiance conviviale.<\/strong><br \/><strong>La GV ANTIBES est une association loi 1901, affili\u00e9e \u00e0 la F\u00e9d\u00e9ration Fran\u00e7aise d\u2019Education Physique et de Gymnastique Volontaire (F.F.E.P.G.V.).<\/strong><\/p>\t\t\t\t\t\t\t\t<\/div>\n\t\t\t\t<\/div>\n\t\t\t\t\t<\/div>\n\t\t\t\t<\/div>\n\t\t<div class=\"elementor-element elementor-element-35901a6 e-con-full e-flex e-con e-parent\" data-id=\"35901a6\" data-element_type=\"container\" data-e-type=\"container\">\n\t\t\t\t<div class=\"elementor-element elementor-element-ef8284f elementor-widget elementor-widget-heading\" data-id=\"ef8284f\" data-element_type=\"widget\" data-e-type=\"widget\" data-widget_type=\"heading.default\">\n\t\t\t\t<div class=\"elementor-widget-container\">\n\t\t\t\t\t<h1 class=\"elementor-heading-title elementor-size-default\">Conseil de direction<\/h1>\t\t\t\t<\/div>\n\t\t\t\t<\/div>\n\t\t\t\t<\/div>\n\t\t<div class=\"elementor-element elementor-element-bb4fe22 e-flex e-con-boxed e-con e-parent\" data-id=\"bb4fe22\" data-element_type=\"container\" data-e-type=\"container\">\n\t\t\t\t\t<div class=\"e-con-inner\">\n\t\t<div class=\"elementor-element elementor-element-b916536 e-con-full e-flex e-con e-child\" data-id=\"b916536\" data-element_type=\"container\" data-e-type=\"container\">\n\t\t\t\t<div class=\"elementor-element elementor-element-09c6244 elementor-widget elementor-widget-text-editor\" data-id=\"09c6244\" data-element_type=\"widget\" data-e-type=\"widget\" data-widget_type=\"text-editor.default\">\n\t\t\t\t<div class=\"elementor-widget-container\">\n\t\t\t\t\t\t\t\t\t<h2>Membres du bureau :<\/h2><ul><li class=\"elementor-heading-title elementor-size-default\"><h5>Martine MONTI, Pr\u00e9sidente<\/h5><\/li><li class=\"elementor-heading-title elementor-size-default\"><h5>Genevi\u00e8ve CAPRON, Secr\u00e9taire<\/h5><\/li><li class=\"elementor-heading-title elementor-size-default\"><h5>Marie-Jeanne BOSTOCK, Tr\u00e9sori\u00e8re<\/h5><\/li><\/ul>\t\t\t\t\t\t\t\t<\/div>\n\t\t\t\t<\/div>\n\t\t\t\t<\/div>\n\t\t<div class=\"elementor-element elementor-element-a36ad74 e-con-full e-flex e-con e-child\" data-id=\"a36ad74\" data-element_type=\"container\" data-e-type=\"container\">\n\t\t\t\t<div class=\"elementor-element elementor-element-b0e4499 elementor-widget elementor-widget-text-editor\" data-id=\"b0e4499\" data-element_type=\"widget\" data-e-type=\"widget\" data-widget_type=\"text-editor.default\">\n\t\t\t\t<div class=\"elementor-widget-container\">\n\t\t\t\t\t\t\t\t\t<h2 class=\"elementor-heading-title elementor-size-default\">Autres membres du conseil<\/h2><ul><li><strong>Christian FROIDURE, Tr\u00e9sorier adjoint<\/strong><\/li><li><strong>Pierre MAGNANI, Secr\u00e9taire adjoint<\/strong><\/li><\/ul>\t\t\t\t\t\t\t\t<\/div>\n\t\t\t\t<\/div>\n\t\t\t\t<\/div>\n\t\t\t\t\t<\/div>\n\t\t\t\t<\/div>\n\t\t\t\t<\/div>\n\t\t","protected":false},"excerpt":{"rendered":"<p>La Gymnastique Volontaire est une pratique non comp\u00e9titive dont l\u2019objectif est de d\u00e9velopper la condition physique de chaque adh\u00e9rent, en lui permettant une meilleure gestion de son potentiel physique dans une ambiance conviviale.La GV ANTIBES est une association loi 1901, affili\u00e9e \u00e0 la F\u00e9d\u00e9ration Fran\u00e7aise d\u2019Education Physique et de Gymnastique Volontaire (F.F.E.P.G.V.). Conseil de direction [&hellip;]<\/p>\n","protected":false},"author":1,"featured_media":0,"parent":0,"menu_order":0,"comment_status":"closed","ping_status":"closed","template":"","meta":{"footnotes":""},"class_list":["post-93","page","type-page","status-publish","hentry","entry"],"yoast_head":"<!-- This site is optimized with the Yoast SEO plugin v27.4 - https:\/\/yoast.com\/product\/yoast-seo-wordpress\/ -->\n<title>L&#039;association - gv-antibes<\/title>\n<meta name=\"robots\" content=\"index, follow, max-snippet:-1, max-image-preview:large, max-video-preview:-1\" \/>\n<link rel=\"canonical\" href=\"https:\/\/gv-antibes.fr\/index.php\/lassociation\/\" \/>\n<meta property=\"og:locale\" content=\"fr_FR\" \/>\n<meta property=\"og:type\" content=\"article\" \/>\n<meta property=\"og:title\" content=\"L&#039;association - gv-antibes\" \/>\n<meta property=\"og:description\" content=\"La Gymnastique Volontaire est une pratique non comp\u00e9titive dont l\u2019objectif est de d\u00e9velopper la condition physique de chaque adh\u00e9rent, en lui permettant une meilleure gestion de son potentiel physique dans une ambiance conviviale.La GV ANTIBES est une association loi 1901, affili\u00e9e \u00e0 la F\u00e9d\u00e9ration Fran\u00e7aise d\u2019Education Physique et de Gymnastique Volontaire (F.F.E.P.G.V.). Conseil de direction [&hellip;]\" \/>\n<meta property=\"og:url\" content=\"https:\/\/gv-antibes.fr\/index.php\/lassociation\/\" \/>\n<meta property=\"og:site_name\" content=\"gv-antibes\" \/>\n<meta property=\"article:modified_time\" content=\"2025-11-20T12:53:25+00:00\" \/>\n<meta name=\"twitter:card\" content=\"summary_large_image\" \/>\n<meta name=\"twitter:label1\" content=\"Dur\u00e9e de lecture estim\u00e9e\" \/>\n\t<meta name=\"twitter:data1\" content=\"1 minute\" \/>\n<script type=\"application\/ld+json\" class=\"yoast-schema-graph\">{\"@context\":\"https:\\\/\\\/schema.org\",\"@graph\":[{\"@type\":\"WebPage\",\"@id\":\"https:\\\/\\\/gv-antibes.fr\\\/index.php\\\/lassociation\\\/\",\"url\":\"https:\\\/\\\/gv-antibes.fr\\\/index.php\\\/lassociation\\\/\",\"name\":\"L'association - gv-antibes\",\"isPartOf\":{\"@id\":\"https:\\\/\\\/gv-antibes.fr\\\/#website\"},\"datePublished\":\"2025-06-07T15:40:15+00:00\",\"dateModified\":\"2025-11-20T12:53:25+00:00\",\"breadcrumb\":{\"@id\":\"https:\\\/\\\/gv-antibes.fr\\\/index.php\\\/lassociation\\\/#breadcrumb\"},\"inLanguage\":\"fr-FR\",\"potentialAction\":[{\"@type\":\"ReadAction\",\"target\":[\"https:\\\/\\\/gv-antibes.fr\\\/index.php\\\/lassociation\\\/\"]}]},{\"@type\":\"BreadcrumbList\",\"@id\":\"https:\\\/\\\/gv-antibes.fr\\\/index.php\\\/lassociation\\\/#breadcrumb\",\"itemListElement\":[{\"@type\":\"ListItem\",\"position\":1,\"name\":\"Accueil\",\"item\":\"https:\\\/\\\/gv-antibes.fr\\\/\"},{\"@type\":\"ListItem\",\"position\":2,\"name\":\"L&rsquo;association\"}]},{\"@type\":\"WebSite\",\"@id\":\"https:\\\/\\\/gv-antibes.fr\\\/#website\",\"url\":\"https:\\\/\\\/gv-antibes.fr\\\/\",\"name\":\"GV-Antibes.fr\",\"description\":\"Gymnastique Volontaire Antibes\",\"publisher\":{\"@id\":\"https:\\\/\\\/gv-antibes.fr\\\/#organization\"},\"potentialAction\":[{\"@type\":\"SearchAction\",\"target\":{\"@type\":\"EntryPoint\",\"urlTemplate\":\"https:\\\/\\\/gv-antibes.fr\\\/?s={search_term_string}\"},\"query-input\":{\"@type\":\"PropertyValueSpecification\",\"valueRequired\":true,\"valueName\":\"search_term_string\"}}],\"inLanguage\":\"fr-FR\"},{\"@type\":\"Organization\",\"@id\":\"https:\\\/\\\/gv-antibes.fr\\\/#organization\",\"name\":\"Gymnastique Volontaire Antibes\",\"alternateName\":\"GV Antibes\",\"url\":\"https:\\\/\\\/gv-antibes.fr\\\/\",\"logo\":{\"@type\":\"ImageObject\",\"inLanguage\":\"fr-FR\",\"@id\":\"https:\\\/\\\/gv-antibes.fr\\\/#\\\/schema\\\/logo\\\/image\\\/\",\"url\":\"https:\\\/\\\/gv-antibes.fr\\\/wp-content\\\/uploads\\\/2025\\\/06\\\/logo-transparent-png-scaled.png\",\"contentUrl\":\"https:\\\/\\\/gv-antibes.fr\\\/wp-content\\\/uploads\\\/2025\\\/06\\\/logo-transparent-png-scaled.png\",\"width\":2531,\"height\":2560,\"caption\":\"Gymnastique Volontaire Antibes\"},\"image\":{\"@id\":\"https:\\\/\\\/gv-antibes.fr\\\/#\\\/schema\\\/logo\\\/image\\\/\"}}]}<\/script>\n<!-- \/ Yoast SEO plugin. -->","yoast_head_json":{"title":"L'association - gv-antibes","robots":{"index":"index","follow":"follow","max-snippet":"max-snippet:-1","max-image-preview":"max-image-preview:large","max-video-preview":"max-video-preview:-1"},"canonical":"https:\/\/gv-antibes.fr\/index.php\/lassociation\/","og_locale":"fr_FR","og_type":"article","og_title":"L'association - gv-antibes","og_description":"La Gymnastique Volontaire est une pratique non comp\u00e9titive dont l\u2019objectif est de d\u00e9velopper la condition physique de chaque adh\u00e9rent, en lui permettant une meilleure gestion de son potentiel physique dans une ambiance conviviale.La GV ANTIBES est une association loi 1901, affili\u00e9e \u00e0 la F\u00e9d\u00e9ration Fran\u00e7aise d\u2019Education Physique et de Gymnastique Volontaire (F.F.E.P.G.V.). Conseil de direction [&hellip;]","og_url":"https:\/\/gv-antibes.fr\/index.php\/lassociation\/","og_site_name":"gv-antibes","article_modified_time":"2025-11-20T12:53:25+00:00","twitter_card":"summary_large_image","twitter_misc":{"Dur\u00e9e de lecture estim\u00e9e":"1 minute"},"schema":{"@context":"https:\/\/schema.org","@graph":[{"@type":"WebPage","@id":"https:\/\/gv-antibes.fr\/index.php\/lassociation\/","url":"https:\/\/gv-antibes.fr\/index.php\/lassociation\/","name":"L'association - gv-antibes","isPartOf":{"@id":"https:\/\/gv-antibes.fr\/#website"},"datePublished":"2025-06-07T15:40:15+00:00","dateModified":"2025-11-20T12:53:25+00:00","breadcrumb":{"@id":"https:\/\/gv-antibes.fr\/index.php\/lassociation\/#breadcrumb"},"inLanguage":"fr-FR","potentialAction":[{"@type":"ReadAction","target":["https:\/\/gv-antibes.fr\/index.php\/lassociation\/"]}]},{"@type":"BreadcrumbList","@id":"https:\/\/gv-antibes.fr\/index.php\/lassociation\/#breadcrumb","itemListElement":[{"@type":"ListItem","position":1,"name":"Accueil","item":"https:\/\/gv-antibes.fr\/"},{"@type":"ListItem","position":2,"name":"L&rsquo;association"}]},{"@type":"WebSite","@id":"https:\/\/gv-antibes.fr\/#website","url":"https:\/\/gv-antibes.fr\/","name":"GV-Antibes.fr","description":"Gymnastique Volontaire Antibes","publisher":{"@id":"https:\/\/gv-antibes.fr\/#organization"},"potentialAction":[{"@type":"SearchAction","target":{"@type":"EntryPoint","urlTemplate":"https:\/\/gv-antibes.fr\/?s={search_term_string}"},"query-input":{"@type":"PropertyValueSpecification","valueRequired":true,"valueName":"search_term_string"}}],"inLanguage":"fr-FR"},{"@type":"Organization","@id":"https:\/\/gv-antibes.fr\/#organization","name":"Gymnastique Volontaire Antibes","alternateName":"GV Antibes","url":"https:\/\/gv-antibes.fr\/","logo":{"@type":"ImageObject","inLanguage":"fr-FR","@id":"https:\/\/gv-antibes.fr\/#\/schema\/logo\/image\/","url":"https:\/\/gv-antibes.fr\/wp-content\/uploads\/2025\/06\/logo-transparent-png-scaled.png","contentUrl":"https:\/\/gv-antibes.fr\/wp-content\/uploads\/2025\/06\/logo-transparent-png-scaled.png","width":2531,"height":2560,"caption":"Gymnastique Volontaire Antibes"},"image":{"@id":"https:\/\/gv-antibes.fr\/#\/schema\/logo\/image\/"}}]}},"_links":{"self":[{"href":"https:\/\/gv-antibes.fr\/index.php\/wp-json\/wp\/v2\/pages\/93","targetHints":{"allow":["GET"]}}],"collection":[{"href":"https:\/\/gv-antibes.fr\/index.php\/wp-json\/wp\/v2\/pages"}],"about":[{"href":"https:\/\/gv-antibes.fr\/index.php\/wp-json\/wp\/v2\/types\/page"}],"author":[{"embeddable":true,"href":"https:\/\/gv-antibes.fr\/index.php\/wp-json\/wp\/v2\/users\/1"}],"replies":[{"embeddable":true,"href":"https:\/\/gv-antibes.fr\/index.php\/wp-json\/wp\/v2\/comments?post=93"}],"version-history":[{"count":34,"href":"https:\/\/gv-antibes.fr\/index.php\/wp-json\/wp\/v2\/pages\/93\/revisions"}],"predecessor-version":[{"id":632,"href":"https:\/\/gv-antibes.fr\/index.php\/wp-json\/wp\/v2\/pages\/93\/revisions\/632"}],"wp:attachment":[{"href":"https:\/\/gv-antibes.fr\/index.php\/wp-json\/wp\/v2\/media?parent=93"}],"curies":[{"name":"wp","href":"https:\/\/api.w.org\/{rel}","templated":true}]}}

<div data-elementor-type="wp-page" data-elementor-id="93" class="elementor elementor-93">
				<div class="elementor-element elementor-element-c759202 e-flex e-con-boxed e-con e-parent" data-id="c759202" data-element_type="container" data-e-type="container">
					<div class="e-con-inner">
				<div class="elementor-element elementor-element-cbcf21d elementor-widget elementor-widget-text-editor" data-id="cbcf21d" data-element_type="widget" data-e-type="widget" data-widget_type="text-editor.default">
				<div class="elementor-widget-container">
									<p><strong>La Gymnastique Volontaire est une pratique non compétitive dont l’objectif est de développer la condition physique de chaque adhérent, en lui permettant une meilleure gestion de son potentiel physique dans une ambiance conviviale.</strong><br /><strong>La GV ANTIBES est une association loi 1901, affiliée à la Fédération Française d’Education Physique et de Gymnastique Volontaire (F.F.E.P.G.V.).</strong></p>								</div>
				</div>
					</div>
				</div>
		<div class="elementor-element elementor-element-35901a6 e-con-full e-flex e-con e-parent" data-id="35901a6" data-element_type="container" data-e-type="container">
				<div class="elementor-element elementor-element-ef8284f elementor-widget elementor-widget-heading" data-id="ef8284f" data-element_type="widget" data-e-type="widget" data-widget_type="heading.default">
				<div class="elementor-widget-container">
					<h1 class="elementor-heading-title elementor-size-default">Conseil de direction</h1>				</div>
				</div>
				</div>
		<div class="elementor-element elementor-element-bb4fe22 e-flex e-con-boxed e-con e-parent" data-id="bb4fe22" data-element_type="container" data-e-type="container">
					<div class="e-con-inner">
		<div class="elementor-element elementor-element-b916536 e-con-full e-flex e-con e-child" data-id="b916536" data-element_type="container" data-e-type="container">
				<div class="elementor-element elementor-element-09c6244 elementor-widget elementor-widget-text-editor" data-id="09c6244" data-element_type="widget" data-e-type="widget" data-widget_type="text-editor.default">
				<div class="elementor-widget-container">
									<h2>Membres du bureau :</h2><ul><li class="elementor-heading-title elementor-size-default"><h5>Martine MONTI, Présidente</h5></li><li class="elementor-heading-title elementor-size-default"><h5>Geneviève CAPRON, Secrétaire</h5></li><li class="elementor-heading-title elementor-size-default"><h5>Marie-Jeanne BOSTOCK, Trésorière</h5></li></ul>								</div>
				</div>
				</div>
		<div class="elementor-element elementor-element-a36ad74 e-con-full e-flex e-con e-child" data-id="a36ad74" data-element_type="container" data-e-type="container">
				<div class="elementor-element elementor-element-b0e4499 elementor-widget elementor-widget-text-editor" data-id="b0e4499" data-element_type="widget" data-e-type="widget" data-widget_type="text-editor.default">
				<div class="elementor-widget-container">
									<h2 class="elementor-heading-title elementor-size-default">Autres membres du conseil</h2><ul><li><strong>Christian FROIDURE, Trésorier adjoint</strong></li><li><strong>Pierre MAGNANI, Secrétaire adjoint</strong></li></ul>								</div>
				</div>
				</div>
					</div>
				</div>
				</div>

<p>La Gymnastique Volontaire est une pratique non compétitive dont l’objectif est de développer la condition physique de chaque adhérent, en lui permettant une meilleure gestion de son potentiel physique dans une ambiance conviviale.La GV ANTIBES est une association loi 1901, affiliée à la Fédération Française d’Education Physique et de Gymnastique Volontaire (F.F.E.P.G.V.). Conseil de direction [&hellip;]</p>

<!-- This site is optimized with the Yoast SEO plugin v27.4 - https://yoast.com/product/yoast-seo-wordpress/ -->
<title>L&#039;association - gv-antibes</title>
<meta name="robots" content="index, follow, max-snippet:-1, max-image-preview:large, max-video-preview:-1" />
<link rel="canonical" href="https://gv-antibes.fr/index.php/lassociation/" />
<meta property="og:locale" content="fr_FR" />
<meta property="og:type" content="article" />
<meta property="og:title" content="L&#039;association - gv-antibes" />
<meta property="og:description" content="La Gymnastique Volontaire est une pratique non compétitive dont l’objectif est de développer la condition physique de chaque adhérent, en lui permettant une meilleure gestion de son potentiel physique dans une ambiance conviviale.La GV ANTIBES est une association loi 1901, affiliée à la Fédération Française d’Education Physique et de Gymnastique Volontaire (F.F.E.P.G.V.). Conseil de direction [&hellip;]" />
<meta property="og:url" content="https://gv-antibes.fr/index.php/lassociation/" />
<meta property="og:site_name" content="gv-antibes" />
<meta property="article:modified_time" content="2025-11-20T12:53:25+00:00" />
<meta name="twitter:card" content="summary_large_image" />
<meta name="twitter:label1" content="Durée de lecture estimée" />
	<meta name="twitter:data1" content="1 minute" />
<script type="application/ld+json" class="yoast-schema-graph">{"@context":"https:\/\/schema.org","@graph":[{"@type":"WebPage","@id":"https:\/\/gv-antibes.fr\/index.php\/lassociation\/","url":"https:\/\/gv-antibes.fr\/index.php\/lassociation\/","name":"L'association - gv-antibes","isPartOf":{"@id":"https:\/\/gv-antibes.fr\/#website"},"datePublished":"2025-06-07T15:40:15+00:00","dateModified":"2025-11-20T12:53:25+00:00","breadcrumb":{"@id":"https:\/\/gv-antibes.fr\/index.php\/lassociation\/#breadcrumb"},"inLanguage":"fr-FR","potentialAction":[{"@type":"ReadAction","target":["https:\/\/gv-antibes.fr\/index.php\/lassociation\/"]}]},{"@type":"BreadcrumbList","@id":"https:\/\/gv-antibes.fr\/index.php\/lassociation\/#breadcrumb","itemListElement":[{"@type":"ListItem","position":1,"name":"Accueil","item":"https:\/\/gv-antibes.fr\/"},{"@type":"ListItem","position":2,"name":"L&rsquo;association"}]},{"@type":"WebSite","@id":"https:\/\/gv-antibes.fr\/#website","url":"https:\/\/gv-antibes.fr\/","name":"GV-Antibes.fr","description":"Gymnastique Volontaire Antibes","publisher":{"@id":"https:\/\/gv-antibes.fr\/#organization"},"potentialAction":[{"@type":"SearchAction","target":{"@type":"EntryPoint","urlTemplate":"https:\/\/gv-antibes.fr\/?s={search_term_string}"},"query-input":{"@type":"PropertyValueSpecification","valueRequired":true,"valueName":"search_term_string"}}],"inLanguage":"fr-FR"},{"@type":"Organization","@id":"https:\/\/gv-antibes.fr\/#organization","name":"Gymnastique Volontaire Antibes","alternateName":"GV Antibes","url":"https:\/\/gv-antibes.fr\/","logo":{"@type":"ImageObject","inLanguage":"fr-FR","@id":"https:\/\/gv-antibes.fr\/#\/schema\/logo\/image\/","url":"https:\/\/gv-antibes.fr\/wp-content\/uploads\/2025\/06\/logo-transparent-png-scaled.png","contentUrl":"https:\/\/gv-antibes.fr\/wp-content\/uploads\/2025\/06\/logo-transparent-png-scaled.png","width":2531,"height":2560,"caption":"Gymnastique Volontaire Antibes"},"image":{"@id":"https:\/\/gv-antibes.fr\/#\/schema\/logo\/image\/"}}]}</script>
<!-- / Yoast SEO plugin. -->

La Gymnastique Volontaire est une pratique non compétitive dont l’objectif est de développer la condition physique de chaque adhérent, en lui permettant une meilleure gestion de son potentiel physique dans une ambiance conviviale.La GV ANTIBES est une association loi 1901, affiliée à la Fédération Française d’Education Physique et de Gymnastique Volontaire (F.F.E.P.G.V.). Conseil de direction [&hellip;]
